-285*s + 52 = -283*s. Suppose -4*w + 2*t + 50 = 0, -5*t - s = -2*w - 5. Calculate the highest common divisor of 104 and w.
13
Suppose -4*h + 7062 = -5*x - 16449, 0 = -3*h + 2*x + 17628. What is the highest common factor of h and 462?
66
Let t be -34*(13 + -17) - 24. Calculate the greatest common factor of 238 and t.
14
Let z(f) = -16*f**3 + f**2 - 2*f + 1. Let d be z(-2). Let i = 167 - d. Calculate the highest common divisor of 45 and i.
15
Suppose -p + 2*x - 3*x = -107, x + 208 = 2*p. Let o be (1 - (-8 - p)) + -4. What is the highest common factor of 10 and o?
10
Suppose 0*c - 4*c - 28 = 0. Let r be ((-12)/c)/(505/42 + -12). What is the greatest common divisor of r and 576?
72
Suppose 2*s = 2*c - 7*c - 45, -2*s = -5*c - 45. Let j be (3/(-15)*-312)/(c/(-30)). Calculate the highest common factor of 8 and j.
8
Let i be (-1)/(-4) + (-38)/(-8) + -5. Suppose i = -6*v - 2*v + 840. What is the highest common divisor of v and 45?
15
Let q be 17/(119/182) - (1 + -2). Let v = -163 - -172. Calculate the greatest common divisor of q and v.
9
Suppose 0 = -3*p + 62*b - 63*b + 23999, -16012 = -2*p - 7*b. What is the highest common factor of 38 and p?
19
Suppose -18*w = -1336 - 1742. Calculate the highest common divisor of 9 and w.
9
Suppose -19897 - 21413 = -51*k. Calculate the highest common divisor of k and 390.
30
Let h be ((-4)/3)/(58/(-1131)). Let a = 616 - 278. Calculate the highest common divisor of h and a.
26
Suppose 3*n - 3*i = 1413, -2*n + 12*i - 14*i = -930. Calculate the greatest common factor of n and 288.
36
Suppose 142*c - 14257 = -119*c + 53864. What is the highest common factor of c and 180?
9
Let r be -9*(-6)/297 + 5392/(-11). Let w be (r/(-7) - 7) + -7. Calculate the greatest common factor of w and 504.
56
Let c = 39 - 39. Let i(d) = -d**3 + 2*d + 156. Let k be i(c). Suppose 25*q = 24*q + 1, 4*f - 3*q = 45. Calculate the highest common factor of k and f.
12
Let a(n) = 5*n - 6*n**2 - 16 + 34*n**2 - 16*n**2. Let q be a(4). What is the greatest common divisor of 28 and q?
28
Let f be 51 - 72 - ((0 - 0) + 3). Let n(u) = -2*u**2 - 52*u - 27. Let z be n(f). Calculate the highest common divisor of z and 345.
69
Let m = 4054 + -3784. Calculate the highest common divisor of 150 and m.
30
Let k(r) = r**3 - 6*r**2 + 11*r - 63. Let m be k(6). Suppose 7 + 23 = n + 5*o, 20 = n + m*o. Calculate the greatest common factor of n and 2.
1
Suppose 568 = -25*q + 11038 + 61755. Calculate the greatest common factor of 54 and q.
27
Let g(u) be the first derivative of -u**4/4 + 2*u**3 - 3*u**2 + 9*u - 81. Let a be g(5). Suppose p + 56 = 3*p. What is the highest common factor of a and p?
4
Let b be (7 - 2)*(-6 + -264)/(-18). Calculate the greatest common factor of 75 and b.
75
Suppose -5*a + 402 = -5*w + 597, -5*w = 5*a - 215. Calculate the greatest common divisor of 29 and w.
1
Suppose -17627 = -2*o - u, 1136*o + 5*u = 1133*o + 26458. Calculate the greatest common factor of 33 and o.
33
Let n = 46 + -46. Suppose -5*c + y - 378 = 0, 4*c + n*y = -y - 306. Let o = c - -116. What is the greatest common divisor of o and 10?
10
Let c = -12623 - -22624. Calculate the highest common divisor of c and 137.
137
Let o be 17/(-170)*-25 + (-3710)/(-4). What is the greatest common factor of o and 744?
186
Let z = -473 + 500. Suppose -z*f = 24*f - 408. Calculate the greatest common divisor of 376 and f.
8
Let j(p) = p**2 + 6*p + 5. Let m be j(-5). Suppose m = -5*f + 1767 + 33. What is the highest common factor of 40 and f?
40
Let p(a) = -153*a - 3708. Let y be p(-26). What is the highest common factor of y and 3690?
90
Let n be (-22)/4*(48 - 52). Suppose -368 = -n*i - 104. Calculate the greatest common factor of i and 348.
12
Let r be (4 - 0)/((-5)/(-55)) + 2. Suppose -4*t - r = -86. Suppose 2*h - 14 = t. Calculate the highest common factor of 6 and h.
6
Let l = -12 - -14. Suppose 3*g = p - 2*g - 65, 4*p - l*g = 242. What is the highest common factor of p and 48?
12
Suppose 0 = -29*k + 672562 + 244353 + 200397. Calculate the highest common divisor of 14 and k.
14
Let q = -233 - -1169. Suppose 0 = 535*c + 1344 - 8299. Calculate the highest common factor of q and c.
13
Suppose 0 = -12*b + 22*b - 870. Let u(d) = -3*d + 15. Let q be u(-13). Let c = b - q. Calculate the greatest common divisor of 3 and c.
3
Let x = 836 + -833. Let f be -2 + 2 + (-3 - -2). Let q be f/((-1)/15*x). Calculate the greatest common divisor of q and 60.
5
Suppose 32*d - 15842 = -75*d + 18*d. Calculate the greatest common factor of d and 3026.
178
Suppose 5*n - 4*k - 8 = -0*n, -3*n - 5*k = -27. Suppose -3*a + n*a = 40. Let j = a - -32. What is the greatest common divisor of 9 and j?
9
Let r(f) = -f**3 - 16*f**2 + 64*f + 805. Let i be r(-17). Calculate the highest common factor of i and 96.
6
Let z(s) = -s**3 - 3*s**2 - 2*s + 126. Let k(v) = -v**2 + 9*v - 18. Let j be k(6). Let p be z(j). What is the highest common divisor of 63 and p?
63
Let u(r) = r**3 - 10*r**2 - r + 24. Let f(o) = -o**2 + 8*o + 2. Let p be f(11). Let q = p - -41. Let j be u(q). What is the highest common factor of 2 and j?
2
Suppose 21*j + 2261646 = 41*j + 82*j. Calculate the highest common divisor of j and 57.
57
Let x = 2606 + -1982. Calculate the highest common factor of 192 and x.
48
Let g = -3279 + 3326. What is the greatest common factor of g and 6721?
47
Let v = 5892 + -4836. Calculate the highest common factor of v and 36.
12
Suppose 40 = -5*p + 4*a - 5*a, 0 = 5*p - a + 30. Let g(h) = 2*h + 19. Let z be g(p). Let r be 2*1 + (z - 4). What is the highest common divisor of r and 24?
3
Suppose 59395 = 40*m + 2548 + 11487. What is the highest common divisor of 28 and m?
14
Let v = 60 - 61. Let z be (-2)/(-9) + ((-8)/(-36))/v. Suppose 4*m + 3*a - 67 = z, 2*m - 6 = 2*a + 2*a. Calculate the highest common factor of m and 39.
13
Let o(p) = -79*p**2 + 636*p - 4. Let g be o(8). Calculate the greatest common factor of g and 1916.
4
Let c = -3 + 16. Suppose 5*x - c + 3 = 0. Suppose 5 = 3*o - x*i, 0*o = -2*o - i + 1. Calculate the highest common divisor of 6 and o.
1
Suppose 5*z = -4329 + 14379. Calculate the highest common factor of 60 and z.
30
Suppose -u + 4 = 13. Let i be ((-187)/(-3))/((-3)/u). Let d = -60024 + 60035. Calculate the greatest common divisor of d and i.
11
Suppose -10*n + 15*n = 15. Suppose 5*h - 72 = -n*h. Let x be (-2)/4*h/6*-4. What is the greatest common divisor of 5 and x?
1
Suppose 793*h - 236 = 789*h - w, h - 4*w - 42 = 0. What is the highest common factor of h and 61480?
58
Let f be (-40)/2*(-3)/6. Let j(v) = 12*v + 8. Let p(i) = -i**2 + 27*i + 6. Let a be p(27). Let t be j(a). What is the greatest common divisor of t and f?
10
Suppose 0 = 4*t - 145*k + 143*k - 76, -4*k - 80 = -4*t. Let h = 2 - -2. Calculate the greatest common factor of t and h.
2
Let k = -26364 + 26394. What is the highest common divisor of k and 2532?
6
Let t(k) = -2*k. Let l(g) = -58*g - 25. Let d(j) = l(j) - 4*t(j). Let w be d(-2). What is the greatest common divisor of 3 and w?
3
Let y be 2 - (-7)/3 - (-72)/108. Suppose y*u - 55 = 3*b + 69, -4*b = 3*u - 86. Calculate the highest common factor of u and 156.
26
Let n be 1402/(-14) + (2 - (-52)/(-28)). Let p = -97 - n. What is the highest common divisor of p and 4?
1
Let p be 0 + 1 + (-135)/(-1). Suppose 4*x = 3*f + 47, x + 742*f + 4 = 745*f. What is the highest common divisor of x and p?
17
Let b be (2/(-3))/(18/27). Let k be -5*(-11 + -2)*b. Let s = k + 125. Calculate the greatest common divisor of s and 45.
15
Suppose -p + 44 = q - 1, -q - 2*p + 50 = 0. Suppose 1592 = 4*w - 9*b, 4*w = 3*b + b + 1552. Calculate the greatest common factor of w and q.
20
Let i(k) = -k**3 + 25*k**2 - 80*k - 24. Let w be i(21). What is the highest common factor of w and 1764?
12
Suppose -5*i + 5*r = -405, -42*i - 5*r + 75 = -41*i. Calculate the greatest common factor of i and 100.
20
Suppose 5*g = -93 - 252. Let m = 169 + g. Suppose q - 20 = 4*n, 3*q - 184 + 39 = -5*n. What is the highest common factor of q and m?
20
Let p be (((-2)/8 - 29/(-4)) + 9705/(-1294))*-648. Let a(k) = 2*k**2 + 3*k - 6. Let v be a(-6). Calculate the greatest common divisor of v and p.
12
Suppose 2*y = q + 4*q - 721, 426 = 3*q + y. Let k = q + -118. Calculate the highest common factor of 50 and k.
25
Suppose 43*s - 203 = -3*y + 45*s, -5*y